 of 78 and 3056703.
39
What is the greatest common factor of 521 and 140149?
521
Calculate the highest common divisor of 36766 and 186.
62
Calculate the greatest common divisor of 6413 and 901.
53
What is the highest common factor of 1276011 and 396?
99
Calculate the highest common factor of 56 and 1008376.
8
What is the greatest common factor of 2907 and 153?
153
Calculate the highest common divisor of 7052 and 4300.
172
Calculate the greatest common factor of 412 and 375332.
412
What is the greatest common factor of 33621 and 14?
7
Calculate the highest common factor of 4936593 and 597.
597
What is the greatest common factor of 999 and 357716?
37
What is the greatest common factor of 24 and 3913986?
6
What is the greatest common factor of 1670 and 8517?
167
What is the highest common factor of 1595 and 3625?
145
Calculate the highest common factor of 1590769 and 321.
107
What is the highest common factor of 707667 and 3?
3
Calculate the highest common factor of 27925 and 1525.
25
What is the highest common divisor of 885544 and 347?
347
Calculate the greatest common factor of 1251 and 677903.
139
Calculate the greatest common factor of 1070104 and 2037.
679
Calculate the greatest common divisor of 4800 and 1290.
30
What is the greatest common divisor of 132 and 31834?
22
Calculate the greatest common factor of 18918 and 306.
18
Calculate the highest common factor of 1626 and 5374743.
813
Calculate the greatest common divisor of 12 and 161676.
12
What is the greatest common factor of 64881 and 534?
267
What is the greatest common divisor of 4500480 and 320?
320
Calculate the highest common divisor of 60915 and 11625.
465
What is the highest common factor of 3409 and 49?
7
What is the greatest common divisor of 2307938 and 106?
106
What is the highest common divisor of 1183 and 1218?
7
Calculate the greatest common divisor of 38945 and 45.
5
Calculate the highest common divisor of 126 and 329126.
14
What is the greatest common divisor of 14023 and 1369?
37
Calculate the greatest common factor of 285 and 9481.
19
What is the greatest common factor of 1830 and 9882?
366
Calculate the highest common divisor of 360 and 205880.
40
What is the greatest common factor of 7137 and 8411?
13
Calculate the highest common factor of 82 and 683470.
82
What is the highest common divisor of 33 and 16181?
11
What is the greatest common factor of 1105 and 22763?
221
Calculate the highest common divisor of 27094 and 994232.
1178
Calculate the highest common factor of 1457127 and 126.
63
Calculate the greatest common divisor of 74 and 2012097.
37
Calculate the greatest common factor of 624 and 971724.
156
Calculate the greatest common divisor of 3600 and 37600.
400
What is the highest common factor of 340 and 5032?
68
Calculate the highest common factor of 88 and 53130.
22
Calculate the greatest common factor of 129605 and 40572.
1127
What is the greatest common factor of 9 and 57?
3
What is the highest common divisor of 3028 and 645721?
757
Calculate the highest common divisor of 166 and 2349066.
166
What is the greatest common divisor of 980 and 4550?
70
Calculate the greatest common divisor of 90846 and 28.
14
Calculate the highest common divisor of 145872 and 24.
24
Calculate the highest common divisor of 9856 and 49808.
176
What is the highest common divisor of 124922 and 35?
7
What is the greatest common divisor of 4236 and 1836?
12
Calculate the greatest common divisor of 2 and 57128.
2
What is the greatest common divisor of 12883 and 150632?
991
Calculate the greatest common divisor of 60 and 32200.
20
What is the highest common factor of 792810 and 115?
115
What is the highest common divisor of 110 and 8480?
10
Calculate the highest common factor of 2476215 and 1470.
735
Calculate the highest common factor of 135369 and 267.
267
Calculate the highest common divisor of 2028 and 23439.
39
Calculate the greatest common divisor of 12566 and 8662.
122
Calculate the highest common divisor of 476 and 21913.
17
What is the highest common divisor of 35467 and 116?
29
What is the highest common divisor of 13716 and 32?
4
Calculate the highest common factor of 728340 and 12444.
732
Calculate the greatest common divisor of 3531 and 1617.
33
Calculate the highest common divisor of 38175 and 45.
15
What is the highest common factor of 108 and 14787?
9
Calculate the greatest common factor of 1231 and 2039767.
1231
What is the greatest common factor of 2698 and 146402?
142
Calculate the greatest common divisor of 44476 and 12.
4
What is the greatest common factor of 4534952 and 1720?
344
Calculate the highest common divisor of 154 and 41338.
22
What is the highest common divisor of 1161 and 23679?
27
Calculate the highest common divisor of 808 and 23331.
101
What is the greatest common factor of 38357 and 55?
11
What is the highest common divisor of 855 and 36670?
95
What is the greatest common divisor of 554 and 82546?
554
Calculate the greatest common divisor of 65024 and 127.
127
Calculate the greatest common factor of 12216 and 8.
8
What is the greatest common divisor of 856 and 105823?
107
What is the greatest common factor of 59025 and 1215?
15
What is the greatest common divisor of 6995 and 25?
5
Calculate the greatest common divisor of 28825 and 175.
25
What is the greatest common divisor of 2912 and 3488?
32
Calculate the greatest common factor of 2187 and 117.
9
Calculate the highest common factor of 45 and 395595.
45
Calculate the highest common factor of 444599 and 29.
29
Calculate the highest common factor of 987 and 4397743.
329
Calculate the greatest common divisor of 1247 and 57971.
29
Calculate the highest common factor of 23214 and 876.
438
Calculate the greatest common divisor of 118686 and 10218.
786
Calculate the greatest common factor of 7 and 279503.
7
What is the greatest common factor of 4384 and 136726?
274
What is the greatest common divisor of 10 and 475640?
10
Calculate the greatest common factor of 796 and 306062.
398
What is the greatest common divisor of 1175 and 12032?
47
Calculate the greatest common divisor of 369 and 664569.
369
What is the greatest common factor of 10 and 271030?
10
Calculate the highest common divisor of 95448 and 1353.
123
Calculate the highest common divisor of 510 and 6609090.
510
What is the greatest common factor of 170782 and 34?
34
Calculate the highest common divisor of 324 and 1493676.
36
Calculate the highest common factor of 229371 and 909.
303
Calculate the highest common factor of 188 and 15839.
47
What is the greatest common divisor of 285 and 6465?
15
What is the highest common divisor of 72479 and 4792?
599
Calculate the highest common divisor of 349531 and 5681.
299
Calculate the greatest common factor of 534 and 324494.
178
Calculate the highest common factor of 890 and 1653620.
890
Calculate the highest common divisor of 5194 and 1964074.
742
Calculate the highest common factor of 532 and 9912.
28
What is the greatest common factor of 1275892 and 1535?
307
What is the highest common divisor of 95 and 209?
19
What is the greatest common divisor of 12096 and 10920?
168
Calculate the greatest common divisor of 732 and 1239276.
732
What is the highest common factor of 8246 and 341?
31
Calculate the greatest common divisor of 18281 and 1448.
181
Calculate the highest common divisor of 181163 and 319.
29
What is the highest common divisor of 75 and 198795?
15
What is the greatest common divisor of 17050 and 2200?
550
Calculate the highest common factor of 343932 and 12.
12
What is the highest common factor of 126 and 387369?
9
What is the greatest common factor of 374 and 1691602?
374
What is the greatest common divisor of 11748 and 445?
89
What is the highest common divisor of 224 and 616?
56
Calculate the highest common divisor of 45 and 3654.
9
What is the highest common factor of 98304 and 24?
24
What is the highest common divisor of 320 and 747480?
40
What is the greatest common factor of 217140 and 50008?
1316
What is the greatest common divisor of 3514 and 124245?
251
Calculate the highest common factor of 22 and 6611.
11
What is the highest common divisor of 1628 and 370?
74
What is the highest common divisor of 1624435 and 1977?
659
What is the highest common factor of 3689 and 14042?
119
C